{"id":354,"date":"2023-09-17T18:40:28","date_gmt":"2023-09-17T21:40:28","guid":{"rendered":"https:\/\/sintetizzalocacoes.com.br\/site\/?page_id=354"},"modified":"2026-04-22T08:23:18","modified_gmt":"2026-04-22T11:23:18","slug":"locacao-de-climatizadores","status":"publish","type":"page","link":"https:\/\/sintetizzalocacoes.com.br\/site\/locacao-de-climatizadores\/","title":{"rendered":"Loca\u00e7\u00e3o de Climatizadores"},"content":{"rendered":"\t\t<div data-elementor-type=\"wp-page\" data-elementor-id=\"354\" class=\"elementor elementor-354\">\n\t\t\t\t<div class=\"elementor-element elementor-element-14f0071 e-con-full e-flex e-con e-parent\" data-id=\"14f0071\" data-element_type=\"container\" data-e-type=\"container\">\n\t\t\t\t<div class=\"elementor-element elementor-element-259dbe7 elementor-widget elementor-widget-image\" data-id=\"259dbe7\" data-element_type=\"widget\" data-e-type=\"widget\" data-widget_type=\"image.default\">\n\t\t\t\t<div class=\"elementor-widget-container\">\n\t\t\t\t\t\t\t\t\t\t\t\t\t\t\t<img fetchpriority=\"high\" decoding=\"async\" width=\"1024\" height=\"683\" src=\"https:\/\/sintetizzalocacoes.com.br\/site\/wp-content\/uploads\/2026\/04\/ChatGPT-Image-16-de-abr.-de-2026-07_42_07-1024x683.webp\" class=\"attachment-large size-large wp-image-541\" alt=\"\" srcset=\"https:\/\/sintetizzalocacoes.com.br\/site\/wp-content\/uploads\/2026\/04\/ChatGPT-Image-16-de-abr.-de-2026-07_42_07-1024x683.webp 1024w, https:\/\/sintetizzalocacoes.com.br\/site\/wp-content\/uploads\/2026\/04\/ChatGPT-Image-16-de-abr.-de-2026-07_42_07-300x200.webp 300w, https:\/\/sintetizzalocacoes.com.br\/site\/wp-content\/uploads\/2026\/04\/ChatGPT-Image-16-de-abr.-de-2026-07_42_07-768x512.webp 768w, https:\/\/sintetizzalocacoes.com.br\/site\/wp-content\/uploads\/2026\/04\/ChatGPT-Image-16-de-abr.-de-2026-07_42_07.webp 1536w\" sizes=\"(max-width: 1024px) 100vw, 1024px\" \/>\t\t\t\t\t\t\t\t\t\t\t\t\t\t\t<\/div>\n\t\t\t\t<\/div>\n\t\t\t\t<\/div>\n\t\t<div class=\"elementor-element elementor-element-837303d e-flex e-con-boxed e-con e-parent\" data-id=\"837303d\" data-element_type=\"container\" data-e-type=\"container\">\n\t\t\t\t\t<div class=\"e-con-inner\">\n\t\t\t\t<div class=\"elementor-element elementor-element-900c168 elementor-widget elementor-widget-text-editor\" data-id=\"900c168\" data-element_type=\"widget\" data-e-type=\"widget\" data-widget_type=\"text-editor.default\">\n\t\t\t\t<div class=\"elementor-widget-container\">\n\t\t\t\t\t\t\t\t\t<h3>Ar Fresco e Ambiente Arejado para seus Convidados<\/h3>\t\t\t\t\t\t\t\t<\/div>\n\t\t\t\t<\/div>\n\t\t\t\t\t<\/div>\n\t\t\t\t<\/div>\n\t\t<div class=\"elementor-element elementor-element-9a0d521 e-flex e-con-boxed e-con e-parent\" data-id=\"9a0d521\" data-element_type=\"container\" data-e-type=\"container\">\n\t\t\t\t\t<div class=\"e-con-inner\">\n\t\t\t\t<div class=\"elementor-element elementor-element-7fd5972 elementor-widget elementor-widget-text-editor\" data-id=\"7fd5972\" data-element_type=\"widget\" data-e-type=\"widget\" data-widget_type=\"text-editor.default\">\n\t\t\t\t<div class=\"elementor-widget-container\">\n\t\t\t\t\t\t\t\t\t<p>Loca\u00e7\u00e3o de Climatizadores para Eventos em Sorocaba, Votorantim e todo o estado de S\u00e3o Paulo. Quando o assunto \u00e9 climatiza\u00e7\u00e3o a Sintetizza \u00e9 especialista no servi\u00e7o de Aluguel e instala\u00e7\u00e3o de Climatizadores para Eventos, temos diversas op\u00e7\u00f5es para quaisquer tipos de eventos. Lembrando que na loca\u00e7\u00e3o de climatizador, voc\u00ea tem o Melhor Pre\u00e7o !<br \/>Seus convidados merecem um ambiente fresquinho e agrad\u00e1vel! Evite dores de cabe\u00e7a, aborrecimentos e preocupa\u00e7\u00f5es, deixe tudo com a gente temos solu\u00e7\u00f5es completas para seu evento, conhe\u00e7a mais sobre nossos servi\u00e7os.<\/p>\t\t\t\t\t\t\t\t<\/div>\n\t\t\t\t<\/div>\n\t\t\t\t<div class=\"elementor-element elementor-element-af50d65 elementor-align-center elementor-widget elementor-widget-button\" data-id=\"af50d65\" data-element_type=\"widget\" data-e-type=\"widget\" data-widget_type=\"button.default\">\n\t\t\t\t<div class=\"elementor-widget-container\">\n\t\t\t\t\t\t\t\t\t<div class=\"elementor-button-wrapper\">\n\t\t\t\t\t<a class=\"elementor-button elementor-button-link elementor-size-sm\" href=\"https:\/\/api.whatsapp.com\/send?phone=5515996626141&#038;text=Ol%C3%A1,%20pesquisei%20sobre%20Climatizador%20no%20Google,%20achei%20o%20site%20de%20voc%C3%AAs%20e%20gostaria%20de%20mais%20informa%C3%A7%C3%B5es%20sobre%20a%20loca%C3%A7%C3%A3o\" target=\"_blank\">\n\t\t\t\t\t\t<span class=\"elementor-button-content-wrapper\">\n\t\t\t\t\t\t<span class=\"elementor-button-icon\">\n\t\t\t\t<i aria-hidden=\"true\" class=\"fab fa-whatsapp\"><\/i>\t\t\t<\/span>\n\t\t\t\t\t\t\t\t\t<span class=\"elementor-button-text\">Loca\u00e7\u00e3o Climatizador? Click Aqui<\/span>\n\t\t\t\t\t<\/span>\n\t\t\t\t\t<\/a>\n\t\t\t\t<\/div>\n\t\t\t\t\t\t\t\t<\/div>\n\t\t\t\t<\/div>\n\t\t\t\t<div class=\"elementor-element elementor-element-e602884 elementor-widget elementor-widget-spacer\" data-id=\"e602884\" data-element_type=\"widget\" data-e-type=\"widget\" data-widget_type=\"spacer.default\">\n\t\t\t\t<div class=\"elementor-widget-container\">\n\t\t\t\t\t\t\t<div class=\"elementor-spacer\">\n\t\t\t<div class=\"elementor-spacer-inner\"><\/div>\n\t\t<\/div>\n\t\t\t\t\t\t<\/div>\n\t\t\t\t<\/div>\n\t\t\t\t\t<\/div>\n\t\t\t\t<\/div>\n\t\t\t\t<\/div>\n\t\t","protected":false},"excerpt":{"rendered":"<p>Ar Fresco e Ambiente Arejado para seus Convidados Loca\u00e7\u00e3o de Climatizadores para Eventos em Sorocaba, Votorantim e todo o estado de S\u00e3o Paulo. Quando o assunto \u00e9 climatiza\u00e7\u00e3o a Sintetizza \u00e9 especialista no servi\u00e7o de Aluguel e instala\u00e7\u00e3o de Climatizadores para Eventos, temos diversas op\u00e7\u00f5es para quaisquer tipos de eventos. Lembrando que na loca\u00e7\u00e3o de [&hellip;]<\/p>\n","protected":false},"author":1,"featured_media":0,"parent":0,"menu_order":0,"comment_status":"closed","ping_status":"closed","template":"","meta":{"site-sidebar-layout":"no-sidebar","site-content-layout":"","ast-site-content-layout":"full-width-container","site-content-style":"default","site-sidebar-style":"default","ast-global-header-display":"disabled","ast-banner-title-visibility":"disabled","ast-main-header-display":"","ast-hfb-above-header-display":"","ast-hfb-below-header-display":"","ast-hfb-mobile-header-display":"","site-post-title":"disabled","ast-breadcrumbs-content":"","ast-featured-img":"disabled","footer-sml-layout":"disabled","ast-disable-related-posts":"","theme-transparent-header-meta":"","adv-header-id-meta":"","stick-header-meta":"","header-above-stick-meta":"","header-main-stick-meta":"","header-below-stick-meta":"","astra-migrate-meta-layouts":"","ast-page-background-enabled":"default","ast-page-background-meta":{"desktop":{"background-color":"var(--ast-global-color-4)","background-image":"","background-repeat":"repeat","background-position":"center center","background-size":"auto","background-attachment":"scroll","background-type":"","background-media":"","overlay-type":"","overlay-color":"","overlay-opacity":"","overlay-gradient":""},"tablet":{"background-color":"","background-image":"","background-repeat":"repeat","background-position":"center center","background-size":"auto","background-attachment":"scroll","background-type":"","background-media":"","overlay-type":"","overlay-color":"","overlay-opacity":"","overlay-gradient":""},"mobile":{"background-color":"","background-image":"","background-repeat":"repeat","background-position":"center center","background-size":"auto","background-attachment":"scroll","background-type":"","background-media":"","overlay-type":"","overlay-color":"","overlay-opacity":"","overlay-gradient":""}},"ast-content-background-meta":{"desktop":{"background-color":"var(--ast-global-color-5)","background-image":"","background-repeat":"repeat","background-position":"center center","background-size":"auto","background-attachment":"scroll","background-type":"","background-media":"","overlay-type":"","overlay-color":"","overlay-opacity":"","overlay-gradient":""},"tablet":{"background-color":"var(--ast-global-color-5)","background-image":"","background-repeat":"repeat","background-position":"center center","background-size":"auto","background-attachment":"scroll","background-type":"","background-media":"","overlay-type":"","overlay-color":"","overlay-opacity":"","overlay-gradient":""},"mobile":{"background-color":"var(--ast-global-color-5)","background-image":"","background-repeat":"repeat","background-position":"center center","background-size":"auto","background-attachment":"scroll","background-type":"","background-media":"","overlay-type":"","overlay-color":"","overlay-opacity":"","overlay-gradient":""}},"footnotes":""},"class_list":["post-354","page","type-page","status-publish","hentry"],"aioseo_notices":[],"_links":{"self":[{"href":"https:\/\/sintetizzalocacoes.com.br\/site\/wp-json\/wp\/v2\/pages\/354","targetHints":{"allow":["GET"]}}],"collection":[{"href":"https:\/\/sintetizzalocacoes.com.br\/site\/wp-json\/wp\/v2\/pages"}],"about":[{"href":"https:\/\/sintetizzalocacoes.com.br\/site\/wp-json\/wp\/v2\/types\/page"}],"author":[{"embeddable":true,"href":"https:\/\/sintetizzalocacoes.com.br\/site\/wp-json\/wp\/v2\/users\/1"}],"replies":[{"embeddable":true,"href":"https:\/\/sintetizzalocacoes.com.br\/site\/wp-json\/wp\/v2\/comments?post=354"}],"version-history":[{"count":19,"href":"https:\/\/sintetizzalocacoes.com.br\/site\/wp-json\/wp\/v2\/pages\/354\/revisions"}],"predecessor-version":[{"id":590,"href":"https:\/\/sintetizzalocacoes.com.br\/site\/wp-json\/wp\/v2\/pages\/354\/revisions\/590"}],"wp:attachment":[{"href":"https:\/\/sintetizzalocacoes.com.br\/site\/wp-json\/wp\/v2\/media?parent=354"}],"curies":[{"name":"wp","href":"https:\/\/api.w.org\/{rel}","templated":true}]}}